 2*g + 61 = 29. Calculate the highest common factor of 245 and n.
5
Suppose -5*i = -4*a - 2606, -5*i - 2613 = -10*i - 3*a. What is the highest common divisor of 54 and i?
18
Let q(k) = -k**2 - 39*k - 106. Let r be q(-36). Let c(b) = 61*b**3 - b**2 - 3*b + 5. Let j be c(r). Calculate the highest common factor of j and 63.
21
Suppose -3*b = -2*q - 8*b + 20, 2*q - 2*b = -8. Suppose 15*w - 6*w - 144 = q. What is the highest common divisor of 176 and w?
16
Let a be 831/(-3*(-2)/4). Suppose 15*b - 1284 = -6789. Let r = b + a. Calculate the greatest common divisor of r and 17.
17
Let f(p) = -3*p - 203. Let l be f(-68). Let m(s) = 5*s**2 + 7*s - 5. Let d be m(-4). Calculate the greatest common divisor of d and l.
1
Suppose 139*u + 269 = 143*u + h, -2*u + 5*h + 151 = 0. What is the greatest common factor of u and 4556?
68
Let u be (-3)/6*1*-8. Suppose 4*s - 6*s = 4*f - 1172, -4*s = u*f - 2360. What is the greatest common divisor of s and 22?
22
Suppose 9*d = -64 + 235. Suppose -3*o + 23 + 0 = -4*p, 0 = 3*o - 2*p - d. Calculate the greatest common divisor of 155 and o.
5
Suppose -l - 368 = -9*l. Suppose -3*p + y - 233 + 1755 = 0, -5*p + 2514 = 4*y. What is the greatest common factor of p and l?
46
Let i(b) = b - 10. Let x be i(-3). Let s = x + -2. Let t be (12/s)/((-6)/1155). What is the highest common divisor of t and 14?
14
Suppose 2*q - 3*v - 48 = -2*q, q - 5*v - 29 = 0. Suppose -c = 3*n - 2 - q, -n = -3*c + 43. What is the greatest common divisor of c and 161?
7
Let d = 10512 - 10481. What is the greatest common divisor of d and 19499?
31
Let y(h) = 45*h**2 + 7*h - 65. Let u be y(7). Calculate the greatest common divisor of u and 22.
11
Suppose 178*w + 231 = 1886 + 4219. What is the greatest common divisor of w and 1111?
11
Suppose 7*m + 35 + 315 = 0. Let u = 61 + m. Suppose -2*c + 44 = 4*r, 3*r - 5*r = 4*c - 22. Calculate the greatest common divisor of r and u.
11
Let f be (39/6 + (-45)/9)*2. Calculate the highest common factor of f and 1371.
3
Let v(t) = 451*t - 20. Let j be v(-1). Let z = -393 - j. What is the highest common divisor of 195 and z?
39
Let u(d) = 2*d**2 + 22*d + 33. Let l be u(-10). Let j(n) = 5*n - 53. Let o be j(l). Suppose a + 51 - 159 = 0. Calculate the greatest common factor of o and a.
12
Let m be -7 + 6 - (-16 + -192). What is the greatest common factor of m and 49473?
207
Let v = 2187 - 1935. Calculate the highest common factor of 2142 and v.
126
Let w be (-506436)/(-196) - 48/56. What is the highest common factor of 164 and w?
41
Let r = -19960 - -25665. What is the greatest common factor of r and 7?
7
Let c(u) = 81*u**2 + 4*u + 1. Let d be c(-1). Let o(s) = 3*s - 9 - s + 3 + 16. Let t be o(8). What is the highest common divisor of t and d?
26
Suppose 524*q + 28 = 4*a + 523*q, 3*q - 20 = -a. What is the highest common factor of 164 and a?
4
Suppose 0 = -22*d + 18*d + 20. Suppose 0 = -f - d*x + 27, 2*f - f - 3*x - 27 = 0. Calculate the greatest common divisor of f and 39.
3
Suppose 0 = -31*s + 24*s + 8127. Calculate the highest common factor of 27 and s.
27
Suppose 0 = 41*f - 272767 - 132272. Calculate the greatest common factor of 74 and f.
37
Let s = 1947 + -1259. What is the highest common factor of 387 and s?
43
Let g = -2 - -2. Suppose -2*t - t + 60 = g. Suppose -34*l + 1484 + 453 = 237. Calculate the highest common factor of l and t.
10
Let v(i) = i**3 + 10*i**2 - 2*i - 20. Let j be v(-10). Suppose -21*o + 25*o - 8 = j. What is the greatest common divisor of 2 and o?
2
Let c be (-89)/(-2) + (-3)/(-6). Let s(g) = -843*g - 3312. Let i be s(-4). What is the highest common factor of i and c?
15
Let c = -269 - -538. Let z(r) = r**3 + 18*r**2 + 35*r + 15. Let o be z(-15). Let j = c - o. Calculate the greatest common divisor of j and 13.
13
Suppose l - 7 = 3*j, j - 6*j - 14 = -2*l. Suppose -s = -3*d + 55, 40 = 9*d - l*d - 4*s. What is the highest common factor of d and 6?
6
Let c(z) = -6*z**2 + 103*z + 113. Let b be c(17). Calculate the greatest common divisor of 442 and b.
26
Let b = 18660 - 18116. Suppose 5*a - 3*g - 33 - 43 = 0, 62 = 4*a - 2*g. What is the highest common factor of b and a?
17
Let o = -7368 - -7418. What is the highest common factor of o and 5950?
50
Let r(k) = 24*k - 1335. Let v be r(58). What is the highest common divisor of 48 and v?
3
Let n be 11/(-2)*74*2. Let r = -429 - n. Suppose 0 = 4*b + b - r. What is the greatest common factor of 7 and b?
7
Suppose 8 = 3*i - 2*s, 4*s - 2 = -16*i + 13*i. Let h be ((-1)/i)/((-25)/500). Calculate the greatest common factor of 45 and h.
5
Suppose -16*t + 4*o = -15*t - 25, 5*t - 213 = -2*o. Calculate the greatest common divisor of t and 369.
41
Suppose -3*i - 59 = -23. Let g(n) = 5*n**2 + 58*n - 13. Let f be g(i). Calculate the greatest common divisor of 9 and f.
1
Let h be 4030/12 + (-4)/(-24). Suppose -1603 = j - 1645. Calculate the greatest common factor of j and h.
42
Suppose 4*a + 4 = 4*r - 5*r, 2 = -2*a - r. Let s = a - 5. Let m be (-2 + 102)*((-21)/s - 3). Calculate the highest common factor of 75 and m.
25
Suppose -5*v - f = -1216, -f - 726 = -3*v + 2*f. Suppose 45 = 9*d - v. What is the highest common divisor of 32 and d?
32
Suppose 11*s + 46 = -20. Let y(w) = -2 + 3*w**2 + 4*w**2 - 5 + 37*w. Let c be y(s). What is the greatest common divisor of 207 and c?
23
Let t(g) = 4948*g - 6539. Let f be t(14). What is the greatest common divisor of 33 and f?
33
Let o be (-8)/44 + 64794/22. Calculate the greatest common divisor of 95 and o.
95
Let m = 14239 - 7961. Calculate the greatest common divisor of 86 and m.
86
Let p(d) = 8406*d + 683. Let a be p(1). Calculate the greatest common factor of 149 and a.
149
Let g(n) = 8*n**2 + 3*n - 3. Let h be g(-3). Suppose -79 - 705 = 56*j. Let b be (-12)/j*14/1. Calculate the highest common divisor of b and h.
12
Suppose -3*s + 4*s = -4*y + 4393, -2*y + 2109 = 13*s. What is the highest common divisor of 132 and y?
44
Suppose 3*p - 18*c = -19*c + 1474, -c = -3*p + 1484. Calculate the greatest common factor of 1131 and p.
29
Let q be (-6)/(-4)*1*4. Let w be 1 + (-388)/(-12)*-3. Let x = w + 162. Calculate the greatest common factor of x and q.
6
Let i = -37 - -39. Suppose 4*f - 27 = f + 5*d, 0 = -4*f - i*d + 10. Suppose 3*r - 6 = 18. Calculate the highest common factor of r and f.
4
Let m be -12*(-15837)/66 + 120/220. What is the highest common factor of 96 and m?
96
Suppose -26*h - 7*h = -6*h. Suppose 4*d - 339 - 284 = 3*a, 4*d + a - 603 = h. What is the highest common factor of 19 and d?
19
Let r be (-2 - -4)/((-84)/(-1470)). What is the greatest common factor of 7 and r?
7
Let a be 7*(92/28 + -3). Suppose -5*q - 224 = a*q. Let s be 1/4 + (-56)/q. Calculate the highest common factor of 4 and s.
2
Let i(n) = n**3 - 4*n**2 - 11*n + 5. Let k be i(7). Let o = 70 - k. Let h be (-180)/(-50) - 2/o. Calculate the highest common divisor of 44 and h.
4
Suppose c - v = -2*c - 22, -3*v = 2*c. Let x be (-11)/((-22)/12)*(-3)/c. Suppose -x*h + 6*h - 147 = 0. Calculate the highest common divisor of h and 7.
7
Suppose -9*p + 15 = 42. Let j be (-164)/(-2) + (-7 - p). Calculate the greatest common divisor of 52 and j.
26
Let f = 164842 + -115813. What is the highest common factor of 177 and f?
177
Let u be (2/3)/((-8)/(-84)). Let t = 1800 + -1793. Calculate the greatest common factor of u and t.
7
Let p(x) = 12*x + 155. Suppose -5*z + 2*o = 22 + 13, -2*z - 33 = 3*o. Let a be p(z). Calculate the highest common divisor of 188 and a.
47
Let w(o) = -o**3 - o - 3. Let l be w(3). Let i = l + 53. Let s = 36 + -26. What is the greatest common factor of s and i?
10
Let s be 24/((-11)/(-8) + -1 + (-1980)/6048). Calculate the highest common factor of s and 567.
63
Suppose -3624 = -36*d - 1068. Suppose 2*w - 7*w = 5*o - 3880, -o + 806 = -5*w. What is the highest common factor of d and o?
71
Let m = 5884 - 3236. What is the greatest common factor of 16 and m?
8
Let f be 6003/63 - (-26)/(-91). What is the highest common divisor of f and 2565?
95
Suppose 22*y - 46083 = -4*y + 74583. What is the greatest common divisor of 1092 and y?
273
Let j be ((-1064)/1176 + (-4)/(-7))/(4/(-4920)). What is the highest common divisor of 140 and j?
10
Let v be 4/(-18) - (-2606)/36*-2. Let m = 155 + v. Let a be 0/1 + 82 + -2. Calculate the highest common divisor of a and m.
